alculate the greatest common divisor of 60 and g.
15
Suppose 0 = -0*u + u - 30. Let x(l) = l**3 + 12*l**2 + 15*l + 14. Let r be x(-10). Let s = r - 19. What is the greatest common factor of u and s?
15
Suppose 40 = 4*r - 4*j, -4*r - 4*j - 12 = -36. What is the greatest common factor of 72 and r?
8
Let r(a) = 5*a**2 - 2*a + 2. Let h be r(2). Calculate the highest common divisor of 12 and h.
6
Let j(f) = -2*f**3 - 2*f**2 + 5*f + 1. Suppose 0 = -3*o + 15, 8*o - 5 = -2*x + 5*o. Let z be j(x). What is the greatest common factor of z and 16?
16
Let t(z) = -2*z**3 - 3*z**2 + 5*z + 4. Let a be t(-3). What is the highest common factor of 8 and a?
8
Let u = -16 - -19. What is the greatest common factor of u and 21?
3
Suppose -5*f + 0*f = -a - 17, f + 5 = 3*a. Suppose -f*p + 2*j = -110, 0*p - 108 = -4*p + 4*j. What is the greatest common divisor of 14 and p?
14
Let p(l) = l - 1. Let o be p(3). Suppose 2*f - 8 = -2*h, h + o*f = -3*h + 8. Suppose -c + 75 = -h*c. Calculate the highest common factor of c and 30.
15
Let l be (-2 + 5)/(9/6). Suppose -4 + 44 = l*h. Let c = 14 + -4. What is the highest common divisor of c and h?
10
Let v(c) = 11*c**2 - 2*c - 1. Let t be v(-1). Suppose 2*d = 2, 2*j + 118 = 3*j - 2*d. Calculate the greatest common factor of j and t.
12
Suppose 0 = -2*l + l + 34. Suppose -30 = -4*z + l. What is the greatest common divisor of 40 and z?
8
Let c(d) = 23*d - 2. Let g be c(1). Calculate the greatest common factor of g and 14.
7
Let q(p) = -12*p - 12. Let r be q(-5). What is the highest common factor of r and 12?
12
Suppose -4*h + 6*h - 286 = 5*w, 4*h - 560 = 4*w. What is the greatest common divisor of h and 23?
23
Suppose -5 = i + 5*r, 3*i + 2*r + r = 21. Let a(c) = c**3 - 2*c**2 + 2*c - 1. Let f be a(2). Let v = f + 2. Calculate the highest common factor of v and i.
5
Suppose 10 = 2*g - g. Let t = -6 + g. Let w be ((-2)/t)/(1/(-68)). Calculate the highest common divisor of 17 and w.
17
Let d = 5 + -5. Suppose 0 = 3*z - 4*f - 211, -4*f + d*f - 276 = -4*z. Let t(j) = j + 6. Let r be t(7). What is the highest common factor of z and r?
13
Let s(c) = 2*c**3 + 5*c**2 - c + 1. Let m be s(-4). Let j = m - -88. Calculate the highest common factor of 30 and j.
15
Let z = 21 + -11. Suppose -150 = -4*i + 2*i - 5*x, 2*i - 158 = -x. Calculate the highest common factor of z and i.
10
Suppose -4*o = -o + 12, -3*n = -o - 139. What is the highest common factor of 315 and n?
45
Let w be 1 - -2 - 4/6*3. Calculate the greatest common factor of 4 and w.
1
Suppose r = 0, -d - 8*r + 3*r = -84. What is the highest common divisor of d and 28?
28
Suppose 0*d + y = -3*d - 22, 4*y = 5*d + 14. Let t = 25 + -29. Let o = t - d. What is the greatest common factor of 1 and o?
1
Let c(t) = -t**3 - 7*t**2 - 10*t - 7. Let h be c(-7). What is the highest common divisor of h and 9?
9
Let u(a) be the first derivative of a**3/3 + a**2 - a + 2. Let s be u(-2). Let q be (s + -2)*(-55)/15. Calculate the highest common divisor of 77 and q.
11
Let l(w) = -w**2 + 18*w + 36. Let v be l(18). Let d(h) = 5*h**2 + h + 2. Let f be d(2). Calculate the highest common divisor of v and f.
12
Let t = -127 + 259. What is the highest common divisor of t and 36?
12
Let i be (-40)/(-14)*28/8. Calculate the greatest common factor of i and 4.
2
Let c be 2/6 + 1190/30. What is the greatest common factor of c and 10?
10
Suppose -x - 2*u + 5 = 1, 0 = -x + 5*u + 39. What is the highest common divisor of 14 and x?
14
Suppose 0 = -5*h + 67 + 73. Let y be 1/(-3) + (-212)/(-6). Suppose -5*t = -0*t - y. What is the highest common divisor of t and h?
7
Let i be 222/1 + -4 + 1. Suppose -5*s + 301 = -i. Calculate the highest common divisor of s and 13.
13
Suppose -56 - 149 = -5*l. Calculate the highest common divisor of l and 164.
41
Let q be 1/4 - (-76)/16. Suppose 0 = -q*g + 255 - 60. Calculate the highest common factor of g and 26.
13
Let i(d) = -4*d - 7. Let p(v) = -2*v - 3. Let m(s) = 3*i(s) - 5*p(s). Let a be m(-4). What is the highest common factor of 1 and a?
1
Suppose -7*w + 3*w + 64 = 0. Suppose -2*f - 2*f = 8, 3*f = 5*n - w. Let k(g) = -g**2 + 6*g - 2. Let x be k(5). Calculate the greatest common divisor of n and x.
1
Let s be ((-45)/(-2))/(15/20). Calculate the highest common divisor of 45 and s.
15
Let c(r) = 4*r**2 - r - 5. Let j be c(-4). Calculate the highest common divisor of j and 7.
7
Let a = -30 - -35. Suppose -3*k - 2*b = -66, 2 + 1 = b. Calculate the greatest common factor of a and k.
5
Let r(p) = 10*p - 2. Let k be r(4). Let i = 102 - 83. Calculate the highest common factor of i and k.
19
Let z be (-7 - -10) + 6/(-2). Let w be 5 - z - (-9 + 11). Calculate the highest common divisor of w and 9.
3
Let o = -1 - 2. Let z = 6 + o. Calculate the highest common divisor of 2 and z.
1
Let c = -232 - -360. Suppose o - 64 = -3*o. What is the highest common divisor of c and o?
16
Suppose 5*m - 65 = 2*u, 4*m = -4*u + u + 29. Calculate the highest common factor of 44 and m.
11
Suppose -z + 51 = -3*m + 12, -3*m = 15. Let w = 275 + -131. What is the greatest common factor of w and z?
24
Let x = -83 - -179. What is the greatest common factor of x and 24?
24
Let i = 44 + -31. Suppose 3*p + 2*w - 388 = 0, -3*p + w = -4*w - 395. What is the greatest common factor of i and p?
13
Let w be -3 - (-2*3 + -4). What is the greatest common factor of 70 and w?
7
Let h(r) = 5*r**2 - 7*r. Let x be h(-3). Calculate the greatest common factor of 6 and x.
6
Let f be 1*2 - (0 + -1). Let s(d) = 7*d + 6. Let j be s(6). Let b = -15 + j. What is the highest common factor of f and b?
3
Suppose 3 = -m + 2, 0 = g - 2*m - 71. What is the highest common divisor of 23 and g?
23
Let u be ((-42)/(-8))/(6/16). Let g = 97 + -41. What is the greatest common divisor of g and u?
14
Let h(j) = -5*j - 3. Let t be h(-3). What is the highest common divisor of 96 and t?
12
Suppose 21*f = 15*f + 24. What is the greatest common factor of 12 and f?
4
Let b(c) = -c**2 - 4*c + 3. Let m be b(-5). Let l be (-2397)/(-119) + m/14. What is the greatest common factor of 5 and l?
5
Let i(r) = -r**3 + 5. Let q = 4 + -4. Let c be i(q). Suppose 0*o + c*o + 5*d = 0, 2*o - 4*d - 12 = 0. What is the greatest common factor of o and 18?
2
Let m be ((-6)/(-3) + 2)*8. Calculate the greatest common factor of 32 and m.
32
Let o = 13 + -9. Let p be (5 + -15)*(-16)/5. What is the highest common divisor of o and p?
4
Let a = 65 + -31. Calculate the greatest common factor of a and 306.
34
Let m be (-6)/14 + 374/154. What is the highest common factor of m and 8?
2
Let s = 259 - 149. What is the greatest common divisor of s and 10?
10
Let j(i) = -i - 5. Let v be j(-6). Suppose 0 = -r + v. Let q be (r/(-2))/((-2)/144). Calculate the highest common divisor of 4 and q.
4
Let d = 9 - 4. Suppose -2*s + 272 = -q + 5*q, 142 = 2*q + 4*s. Suppose -2*o + q = -13. Calculate the highest common divisor of d and o.
5
Let f be ((-2)/7)/((-3)/21). Suppose -f*v = v - 4*k - 168, 2*k = 5*v - 280. What is the highest common divisor of 7 and v?
7
Suppose -9 = -k + 2. Suppose 4*n = -0*n - 8. Let j be n/(1 + (-123)/121). Calculate the highest common factor of k and j.
11
Suppose 0*n + 84 = 4*y + 4*n, 0 = -2*y - 4*n + 50. Calculate the greatest common divisor of y and 68.
17
Let m be (-78)/(-8) + (-3)/(-12). Let j = 16 + 15. Suppose v + v - j = -t, 5*v = -t + 76. What is the greatest common factor of m and v?
5
Let g(h) = h**3 + 4*h**2 + 4*h - 12. Let i be g(3). Calculate the highest common divisor of 7 and i.
7
Let j = -8 - -12. Suppose j*u - 4 = -i, 4*u = -3*i - u + 12. Suppose 0 = h - 5*k - 7, -i*h + 5*k + 5 = -38. Calculate the greatest common factor of h and 48.
12
Suppose 0*p - 2*p = -34. Suppose -p = 5*m - 2. Let y = 14 + m. What is the highest common factor of y and 121?
11
Suppose -6*b + 10*b = -8. Let g = b + -2. Let s(u) = -u**3 - 2*u**2 + 4*u + 3. Let r be s(g). What is the greatest common factor of 76 and r?
19
Suppose 2*j + 0*r - 2*r = 4, 0 = 3*j + 3*r. Let w be j + 2*(-17)/(-2). Suppose -4*p + 5*p = 72. Calculate the highest common divisor of w and p.
18
Let x(n) = 20*n**2 + n + 1. Let c be x(-1). Let f(j) = 11*j - 1. Let i be f(1). Calculate the highest common divisor of c and i.
10
Let v be ((-2)/(-1))/((-4)/(-78)). Let d(u) = u**3 - 16*u**2 + 28*u + 13. Let r be d(14). Calc